{"id":26833,"date":"2025-04-15T11:18:04","date_gmt":"2025-04-15T17:18:04","guid":{"rendered":"https:\/\/shop.modaclaus.com\/?post_type=product&#038;p=26833"},"modified":"2026-04-23T18:53:23","modified_gmt":"2026-04-24T00:53:23","slug":"mandil-garabatos","status":"publish","type":"product","link":"https:\/\/shop.modaclaus.com\/en\/maestra\/mandil-garabatos\/","title":{"rendered":"Mandil Garabatos"},"content":{"rendered":"<ul>\n<li><span style=\"color: #381761;\">Talla: Unitalla.<\/span><\/li>\n<li style=\"text-align: left;\"><span style=\"color: #381761;\">Tirante: <b><i>Este modelo no lleva tirantes.<\/i><\/b> La solapa cubre desde la base de tu cuello, al inicio de tu hombro.<\/span><\/li>\n<li style=\"text-align: left;\"><span style=\"color: #381761;\">Color:\u00a0 Azul Marino \/ Azul turqueza<\/span><\/li>\n<li style=\"text-align: left;\"><span style=\"color: #381761;\">Incluye: Empaque individual | Morralito.<\/span><\/li>\n<li style=\"text-align: left;\"><span style=\"color: #381761;\">Cintas: 4 Jaretas (Cintas) Que permiten que la prenda se ajuste perfecto a tu cintura.<\/span><\/li>\n<li style=\"text-align: left;\"><span style=\"color: #381761;\">Bolsas:<\/span><br \/>\n<span style=\"color: #381761;\">1 Bolsa exterior amplia (doble carta)<\/span><br \/>\n<span style=\"color: #381761;\">1 Bolsa interior para celular con tapa.<\/span><br \/>\n<span style=\"color: #381761;\">1 Bolsa interior con tapa, para llaves o monedas.<\/span><\/li>\n<li style=\"text-align: left;\"><span style=\"color: #381761;\">Bot\u00f3n de seguridad.\u00a0 Nada se escapa de tu bolsa o bien, ninguna manita podr\u00e1 entrar f\u00e1cilmente sin que te des cuenta.<\/span><\/li>\n<\/ul>\n<p><span style=\"color: #381761;\"><strong>Nota:\u00a0<\/strong><\/span><\/p>\n<ul>\n<li><span style=\"color: #381761;\"><strong>Todos los modelos que fabricamos, est\u00e1n dise\u00f1ados con un largo de cuerpo, que permite a la prenda llegar a 5 cm antes del inicio de la rodilla.<\/strong><\/span><\/li>\n<li><span style=\"color: #381761;\"><strong>Se ajust\u00f3 a una altura promedio de mujeres mexicanas, que es entre 1.50 y 1.65 m de altura.<\/strong><\/span><\/li>\n<\/ul>\n<p><span style=\"color: #381761;\"><strong><em>(Si t\u00fa tienes la dicha de medir m\u00e1s de 1.65 m y deseas que la prenda llegue 5 cm antes de tu rodilla, es necesario nos contactes para fabricarte la prenda a una medida m\u00e1s larga).<\/em><\/strong><\/span><\/p>\n<p>&nbsp;<\/p>\n<p><span style=\"color: #381761;\">Esta secci\u00f3n puede ser de tu inter\u00e9s:<\/span><\/p>\n<h1><a href=\"https:\/\/shop.modaclaus.com\/en\/\">Uniformes para Maestras<\/a><\/h1>","protected":false},"excerpt":{"rendered":"<h2 style=\"color: #352647;\"><span style=\"color: #381761;\">Bata para Maestra | Modelo Garabato<\/span><\/h2>\n<p style=\"margin: 6px 0;\"><span style=\"color: #381761;\"><strong>Tallas:<\/strong> Unitalla (ajustable de talla 28 a 42)<\/span><\/p>\n<p style=\"margin: 6px 0;\"><span style=\"color: #381761;\"><strong>Edici\u00f3n limitada \u2013 Hasta agotar existencias<\/strong><\/span><\/p>\n<p><span style=\"color: #381761;\">Colores, palabras y trazos que celebran el aprendizaje creativo.<br \/>\n<\/span><span style=\"color: #381761;\">Creado para maestras que ense\u00f1an con crayones, alegr\u00eda y pasi\u00f3n.<\/span><\/p>\n<p style=\"color: #352647; font-size: 18px; font-weight: bold; margin: 10px 0;\"><span style=\"color: #381761;\">Una prenda que juega, ense\u00f1a y conecta.<\/span><\/p>\n<h3 style=\"color: #352647; margin: 12px 0 8px;\"><span style=\"color: #381761;\">Detalles que enamoran<\/span><\/h3>\n<ul style=\"margin-top: 0; padding-left: 20px;\">\n<li style=\"margin: 6px 0;\"><span style=\"color: #381761;\">\u2705 Tela duradera, lavable a diario sin perder color.<\/span><\/li>\n<li style=\"margin: 6px 0;\"><span style=\"color: #381761;\">\u2705 Bolsas amplias, con doble compartimiento interno.<\/span><\/li>\n<li style=\"margin: 6px 0;\"><span style=\"color: #381761;\">\u2705 Ajuste perfecto con jaretas para amarrar a su medida.<\/span><\/li>\n<li style=\"margin: 6px 0;\"><span style=\"color: #381761;\">\u2705 Costuras reforzadas y dise\u00f1o ergon\u00f3mico.<\/span><\/li>\n<li style=\"margin: 6px 0;\"><span style=\"color: #381761;\">\u2705 Entrega en morralito Claus, perfecto para regalo.<\/span><\/li>\n<\/ul>","protected":false},"featured_media":28921,"comment_status":"open","ping_status":"closed","template":"","meta":{"_joinchat":{"message_text":"\u00a1Hola! \u00bfVerdad que este modelo se ve genial? Estamos en l\u00ednea para apoyarte. \ud83d\udc9c"}},"product_brand":[],"product_cat":[112,117,111,125,110],"product_tag":[],"class_list":{"0":"post-26833","1":"product","2":"type-product","3":"status-publish","4":"has-post-thumbnail","6":"product_cat-maestra","7":"product_cat-color-azul-marino","8":"product_cat-educadora","9":"product_cat-estampada","10":"product_cat-mandil","12":"first","13":"instock","14":"taxable","15":"shipping-taxable","16":"purchasable","17":"product-type-simple"},"_links":{"self":[{"href":"https:\/\/shop.modaclaus.com\/en\/wp-json\/wp\/v2\/product\/26833","targetHints":{"allow":["GET"]}}],"collection":[{"href":"https:\/\/shop.modaclaus.com\/en\/wp-json\/wp\/v2\/product"}],"about":[{"href":"https:\/\/shop.modaclaus.com\/en\/wp-json\/wp\/v2\/types\/product"}],"replies":[{"embeddable":true,"href":"https:\/\/shop.modaclaus.com\/en\/wp-json\/wp\/v2\/comments?post=26833"}],"version-history":[{"count":10,"href":"https:\/\/shop.modaclaus.com\/en\/wp-json\/wp\/v2\/product\/26833\/revisions"}],"predecessor-version":[{"id":28934,"href":"https:\/\/shop.modaclaus.com\/en\/wp-json\/wp\/v2\/product\/26833\/revisions\/28934"}],"wp:featuredmedia":[{"embeddable":true,"href":"https:\/\/shop.modaclaus.com\/en\/wp-json\/wp\/v2\/media\/28921"}],"wp:attachment":[{"href":"https:\/\/shop.modaclaus.com\/en\/wp-json\/wp\/v2\/media?parent=26833"}],"wp:term":[{"taxonomy":"product_brand","embeddable":true,"href":"https:\/\/shop.modaclaus.com\/en\/wp-json\/wp\/v2\/product_brand?post=26833"},{"taxonomy":"product_cat","embeddable":true,"href":"https:\/\/shop.modaclaus.com\/en\/wp-json\/wp\/v2\/product_cat?post=26833"},{"taxonomy":"product_tag","embeddable":true,"href":"https:\/\/shop.modaclaus.com\/en\/wp-json\/wp\/v2\/product_tag?post=26833"}],"curies":[{"name":"wp","href":"https:\/\/api.w.org\/{rel}","templated":true}]}}

<ul>
<li><span style="color: #381761;">Talla: Unitalla.</span></li>
<li style="text-align: left;"><span style="color: #381761;">Tirante: <b><i>Este modelo no lleva tirantes.</i></b> La solapa cubre desde la base de tu cuello, al inicio de tu hombro.</span></li>
<li style="text-align: left;"><span style="color: #381761;">Color:  Azul Marino / Azul turqueza</span></li>
<li style="text-align: left;"><span style="color: #381761;">Incluye: Empaque individual | Morralito.</span></li>
<li style="text-align: left;"><span style="color: #381761;">Cintas: 4 Jaretas (Cintas) Que permiten que la prenda se ajuste perfecto a tu cintura.</span></li>
<li style="text-align: left;"><span style="color: #381761;">Bolsas:</span><br />
<span style="color: #381761;">1 Bolsa exterior amplia (doble carta)</span><br />
<span style="color: #381761;">1 Bolsa interior para celular con tapa.</span><br />
<span style="color: #381761;">1 Bolsa interior con tapa, para llaves o monedas.</span></li>
<li style="text-align: left;"><span style="color: #381761;">Botón de seguridad.  Nada se escapa de tu bolsa o bien, ninguna manita podrá entrar fácilmente sin que te des cuenta.</span></li>
</ul>
<p><span style="color: #381761;"><strong>Nota: </strong></span></p>
<ul>
<li><span style="color: #381761;"><strong>Todos los modelos que fabricamos, están diseñados con un largo de cuerpo, que permite a la prenda llegar a 5 cm antes del inicio de la rodilla.</strong></span></li>
<li><span style="color: #381761;"><strong>Se ajustó a una altura promedio de mujeres mexicanas, que es entre 1.50 y 1.65 m de altura.</strong></span></li>
</ul>
<p><span style="color: #381761;"><strong><em>(Si tú tienes la dicha de medir más de 1.65 m y deseas que la prenda llegue 5 cm antes de tu rodilla, es necesario nos contactes para fabricarte la prenda a una medida más larga).</em></strong></span></p>
<p>&nbsp;</p>
<p><span style="color: #381761;">Esta sección puede ser de tu interés:</span></p>
<h1><a href="https://shop.modaclaus.com/en/">Uniformes para Maestras</a></h1>

<h2 style="color: #352647;"><span style="color: #381761;">Bata para Maestra | Modelo Garabato</span></h2>
<p style="margin: 6px 0;"><span style="color: #381761;"><strong>Tallas:</strong> Unitalla (ajustable de talla 28 a 42)</span></p>
<p style="margin: 6px 0;"><span style="color: #381761;"><strong>Edición limitada – Hasta agotar existencias</strong></span></p>
<p><span style="color: #381761;">Colores, palabras y trazos que celebran el aprendizaje creativo.<br />
</span><span style="color: #381761;">Creado para maestras que enseñan con crayones, alegría y pasión.</span></p>
<p style="color: #352647; font-size: 18px; font-weight: bold; margin: 10px 0;"><span style="color: #381761;">Una prenda que juega, enseña y conecta.</span></p>
<h3 style="color: #352647; margin: 12px 0 8px;"><span style="color: #381761;">Detalles que enamoran</span></h3>
<ul style="margin-top: 0; padding-left: 20px;">
<li style="margin: 6px 0;"><span style="color: #381761;">✅ Tela duradera, lavable a diario sin perder color.</span></li>
<li style="margin: 6px 0;"><span style="color: #381761;">✅ Bolsas amplias, con doble compartimiento interno.</span></li>
<li style="margin: 6px 0;"><span style="color: #381761;">✅ Ajuste perfecto con jaretas para amarrar a su medida.</span></li>
<li style="margin: 6px 0;"><span style="color: #381761;">✅ Costuras reforzadas y diseño ergonómico.</span></li>
<li style="margin: 6px 0;"><span style="color: #381761;">✅ Entrega en morralito Claus, perfecto para regalo.</span></li>
</ul>

¡Hola! ¿Verdad que este modelo se ve genial? Estamos en línea para apoyarte. 💜
