{"id":19624,"date":"2023-06-23T15:15:00","date_gmt":"2023-06-23T21:15:00","guid":{"rendered":"https:\/\/shop.modaclaus.com\/?post_type=product&#038;p=19624"},"modified":"2026-04-01T13:58:52","modified_gmt":"2026-04-01T19:58:52","slug":"mandil-elegancia-rp-02-repelente","status":"publish","type":"product","link":"https:\/\/shop.modaclaus.com\/en\/maestra\/mandil-elegancia-rp-02-repelente\/","title":{"rendered":"Mandil Elegancia RP-02 Repelente"},"content":{"rendered":"<ul>\n<li>Talla: Unitalla.<\/li>\n<li style=\"text-align: left;\">Tirante: <b><i>Este modelo no lleva tirantes.<\/i><\/b> La solapa cubre desde la base de tu cuello, al inicio de tu hombro.<\/li>\n<li style=\"text-align: left;\">Color:\u00a0 Negro, con vivo en guinda (vino tinto).<\/li>\n<li style=\"text-align: left;\">Incluye: Empaque individual | Morralito.<\/li>\n<li style=\"text-align: left;\">Cintas: 4 Jaretas (Cintas) Que permiten que la prenda se ajuste perfecto a tu cintura.<\/li>\n<li style=\"text-align: left;\">Bolsas:<br \/>\n1 Bolsa exterior amplia (doble carta)<br \/>\n1 Bolsa interior para celular con tapa.<br \/>\n1 Bolsa interior con tapa, para llaves o monedas.<\/li>\n<li style=\"text-align: left;\">Bot\u00f3n de seguridad.\u00a0 Nada se escapa de tu bolsa o bien, ninguna manita podr\u00e1 entrar f\u00e1cilmente sin que te des cuenta.<\/li>\n<\/ul>\n<p><strong>Nota:\u00a0<\/strong><\/p>\n<ul>\n<li><strong>Todos los modelos que fabricamos, est\u00e1n dise\u00f1ados con un largo de cuerpo, que permite a la prenda llegar a 5 cm antes del inicio de la rodilla.<\/strong><\/li>\n<li><strong>Se ajust\u00f3 a una altura promedio de mujeres mexicanas, que es entre 1.50 y 1.65 m de altura.<\/strong><\/li>\n<\/ul>\n<p><strong><em>(Si t\u00fa tienes la dicha de medir m\u00e1s de 1.65 m y deseas que la prenda llegue 5 cm antes de tu rodilla, es necesario nos contactes para fabricarte la prenda a una medida m\u00e1s larga).<\/em><\/strong><\/p>\n<p>&nbsp;<\/p>\n<p>Aqu\u00ed puedes encontrar muchos modelos:<\/p>\n<h1><a href=\"https:\/\/shop.modaclaus.com\/en\/\">Uniformes de colegios privados<\/a><\/h1>","protected":false},"excerpt":{"rendered":"<h4 style=\"text-align: left;\">Cod.RP-02<br \/>\nUNITALLA<br \/>\n<span style=\"color: #0081cc;\">100% REPELENTE A LIQUIDOS<\/span><\/h4>\n<div style=\"text-align: left;\">\n<div><strong>\u00bfQui\u00e9n dijo que la moda y la funcionalidad no pueden ir juntas?<\/strong><br \/>\nClaus desaf\u00eda esa creencia con su tela repelente al agua, que te brinda una protecci\u00f3n duradera sin comprometer tu estilo. Siempre estar\u00e1s a la moda, incluso en tus clases de arte m\u00e1s emocionantes.La comodidad y el estilo se combinan en la nueva tela <strong>high strech<\/strong> de Claus. Dise\u00f1ada para adaptarse perfectamente a tu cuerpo, te brinda libertad de movimiento mientras te mantiene fresca durante tus clases de arte. <strong>Con Claus, la belleza y la funcionalidad van de la mano.<\/strong><\/div>\n<\/div>\n<div style=\"text-align: left;\">\n<p><strong>Elegancia<\/strong><\/p>\n<div>La elegancia es aquello que se deriva del buen gusto y la distinci\u00f3n, de lo que hace que algo o alguien se destaque del resto, por ser agradable, arm\u00f3nico, delicado, bello, fino, alejado de todo lo que puede aparecer como burdo, grosero, estridente, com\u00fan o recargado.<\/div>\n<div><\/div>\n<div>\n<p>La elegancia tambi\u00e9n es una cuesti\u00f3n que est\u00e1 presente especialmente en aquellos contextos formales de las clases altas, en los cuales se demanda\u00a0correcci\u00f3n y distinci\u00f3n a la hora de expresarse y relacionarse con el entorno.<\/p>\n<p><strong>Psicolog\u00eda de color<\/strong><\/p>\n<\/div>\n<div>\n<p>Negro: Puede comunicar\u00a0<strong>poder, lujo, sofisticaci\u00f3n y autoridad.<\/strong><\/p>\n<p>Este modelo de <a href=\"https:\/\/shop.modaclaus.com\/en\/\">uniformes de colegios privados<\/a>, ser\u00e1 un distintivo de tu colegio.<\/p>\n<p>&nbsp;<\/p>\n<\/div>\n<\/div>\n<div style=\"text-align: left;\"><\/div>\n<div style=\"text-align: left;\"><\/div>\n<div style=\"text-align: left;\">\n<div>\n<div>\n<div><strong>Altura de la modelo: 1.76 m<\/strong><\/div>\n<\/div>\n<\/div>\n<\/div>\n<div>\n<p style=\"text-align: left;\"><strong>Talla de cintura: 7<br \/>\n<span style=\"color: #ff0000;\">Nota: No incluye cubrebocas<\/span><br \/>\n<\/strong><\/p>\n<p style=\"text-align: left;\"><strong>Esta prenda la puedes adquirir:<\/strong><br \/>\n<strong>-Pagando a meses sin intereses (desde 6 hasta 12)<\/strong><br \/>\n<strong>-Pagando en 5 quincenas con tu cr\u00e9dito ZIP.<\/strong><\/p>\n<\/div>","protected":false},"featured_media":19785,"comment_status":"open","ping_status":"closed","template":"","meta":{"_joinchat":[]},"product_brand":[],"product_cat":[112,145,126,110,122],"product_tag":[],"class_list":{"0":"post-19624","1":"product","2":"type-product","3":"status-publish","4":"has-post-thumbnail","6":"product_cat-maestra","7":"product_cat-repelente","8":"product_cat-sin-estampado","9":"product_cat-mandil","10":"product_cat-color-negro","12":"first","13":"instock","14":"taxable","15":"shipping-taxable","16":"purchasable","17":"product-type-simple"},"_links":{"self":[{"href":"https:\/\/shop.modaclaus.com\/en\/wp-json\/wp\/v2\/product\/19624","targetHints":{"allow":["GET"]}}],"collection":[{"href":"https:\/\/shop.modaclaus.com\/en\/wp-json\/wp\/v2\/product"}],"about":[{"href":"https:\/\/shop.modaclaus.com\/en\/wp-json\/wp\/v2\/types\/product"}],"replies":[{"embeddable":true,"href":"https:\/\/shop.modaclaus.com\/en\/wp-json\/wp\/v2\/comments?post=19624"}],"version-history":[{"count":0,"href":"https:\/\/shop.modaclaus.com\/en\/wp-json\/wp\/v2\/product\/19624\/revisions"}],"wp:featuredmedia":[{"embeddable":true,"href":"https:\/\/shop.modaclaus.com\/en\/wp-json\/wp\/v2\/media\/19785"}],"wp:attachment":[{"href":"https:\/\/shop.modaclaus.com\/en\/wp-json\/wp\/v2\/media?parent=19624"}],"wp:term":[{"taxonomy":"product_brand","embeddable":true,"href":"https:\/\/shop.modaclaus.com\/en\/wp-json\/wp\/v2\/product_brand?post=19624"},{"taxonomy":"product_cat","embeddable":true,"href":"https:\/\/shop.modaclaus.com\/en\/wp-json\/wp\/v2\/product_cat?post=19624"},{"taxonomy":"product_tag","embeddable":true,"href":"https:\/\/shop.modaclaus.com\/en\/wp-json\/wp\/v2\/product_tag?post=19624"}],"curies":[{"name":"wp","href":"https:\/\/api.w.org\/{rel}","templated":true}]}}

<ul>
<li>Talla: Unitalla.</li>
<li style="text-align: left;">Tirante: <b><i>Este modelo no lleva tirantes.</i></b> La solapa cubre desde la base de tu cuello, al inicio de tu hombro.</li>
<li style="text-align: left;">Color:  Negro, con vivo en guinda (vino tinto).</li>
<li style="text-align: left;">Incluye: Empaque individual | Morralito.</li>
<li style="text-align: left;">Cintas: 4 Jaretas (Cintas) Que permiten que la prenda se ajuste perfecto a tu cintura.</li>
<li style="text-align: left;">Bolsas:<br />
1 Bolsa exterior amplia (doble carta)<br />
1 Bolsa interior para celular con tapa.<br />
1 Bolsa interior con tapa, para llaves o monedas.</li>
<li style="text-align: left;">Botón de seguridad.  Nada se escapa de tu bolsa o bien, ninguna manita podrá entrar fácilmente sin que te des cuenta.</li>
</ul>
<p><strong>Nota: </strong></p>
<ul>
<li><strong>Todos los modelos que fabricamos, están diseñados con un largo de cuerpo, que permite a la prenda llegar a 5 cm antes del inicio de la rodilla.</strong></li>
<li><strong>Se ajustó a una altura promedio de mujeres mexicanas, que es entre 1.50 y 1.65 m de altura.</strong></li>
</ul>
<p><strong><em>(Si tú tienes la dicha de medir más de 1.65 m y deseas que la prenda llegue 5 cm antes de tu rodilla, es necesario nos contactes para fabricarte la prenda a una medida más larga).</em></strong></p>
<p>&nbsp;</p>
<p>Aquí puedes encontrar muchos modelos:</p>
<h1><a href="https://shop.modaclaus.com/en/">Uniformes de colegios privados</a></h1>

<h4 style="text-align: left;">Cod.RP-02<br />
UNITALLA<br />
<span style="color: #0081cc;">100% REPELENTE A LIQUIDOS</span></h4>
<div style="text-align: left;">
<div><strong>¿Quién dijo que la moda y la funcionalidad no pueden ir juntas?</strong><br />
Claus desafía esa creencia con su tela repelente al agua, que te brinda una protección duradera sin comprometer tu estilo. Siempre estarás a la moda, incluso en tus clases de arte más emocionantes.La comodidad y el estilo se combinan en la nueva tela <strong>high strech</strong> de Claus. Diseñada para adaptarse perfectamente a tu cuerpo, te brinda libertad de movimiento mientras te mantiene fresca durante tus clases de arte. <strong>Con Claus, la belleza y la funcionalidad van de la mano.</strong></div>
</div>
<div style="text-align: left;">
<p><strong>Elegancia</strong></p>
<div>La elegancia es aquello que se deriva del buen gusto y la distinción, de lo que hace que algo o alguien se destaque del resto, por ser agradable, armónico, delicado, bello, fino, alejado de todo lo que puede aparecer como burdo, grosero, estridente, común o recargado.</div>
<div></div>
<div>
<p>La elegancia también es una cuestión que está presente especialmente en aquellos contextos formales de las clases altas, en los cuales se demanda corrección y distinción a la hora de expresarse y relacionarse con el entorno.</p>
<p><strong>Psicología de color</strong></p>
</div>
<div>
<p>Negro: Puede comunicar <strong>poder, lujo, sofisticación y autoridad.</strong></p>
<p>Este modelo de <a href="https://shop.modaclaus.com/en/">uniformes de colegios privados</a>, será un distintivo de tu colegio.</p>
<p>&nbsp;</p>
</div>
</div>
<div style="text-align: left;"></div>
<div style="text-align: left;"></div>
<div style="text-align: left;">
<div>
<div>
<div><strong>Altura de la modelo: 1.76 m</strong></div>
</div>
</div>
</div>
<div>
<p style="text-align: left;"><strong>Talla de cintura: 7<br />
<span style="color: #ff0000;">Nota: No incluye cubrebocas</span><br />
</strong></p>
<p style="text-align: left;"><strong>Esta prenda la puedes adquirir:</strong><br />
<strong>-Pagando a meses sin intereses (desde 6 hasta 12)</strong><br />
<strong>-Pagando en 5 quincenas con tu crédito ZIP.</strong></p>
</div>
