{"id":18247,"date":"2022-12-15T12:09:50","date_gmt":"2022-12-15T18:09:50","guid":{"rendered":"https:\/\/shop.modaclaus.com\/?post_type=product&#038;p=18247"},"modified":"2025-12-08T20:50:31","modified_gmt":"2025-12-09T02:50:31","slug":"outlet-polo-tecolin","status":"publish","type":"product","link":"https:\/\/shop.modaclaus.com\/en\/outlet\/outlet-polo-tecolin\/","title":{"rendered":"OUTLET Playera Polo Tecolin"},"content":{"rendered":"<h4 style=\"text-align: left;\">Tallas: Chica hasta XXXL<\/h4>\n<div style=\"text-align: left;\">\n<h4>Composici\u00f3n Tela:<\/h4>\n<ul>\n<li>Microfibra de tejido abierto, tela que transpira.<\/li>\n<li>Permite la circulaci\u00f3n de aire hacia tu piel, tu cuerpo siempre se mantendr\u00e1 fresco.<\/li>\n<li>\u00a070% Hilo viscoso suave 30% algod\u00f3n<\/li>\n<\/ul>\n<h5>Estampado:<\/h5>\n<p>Impreso al alto calor. Permite que puedas plancharlo de manera directa y este no perder\u00e1 su brillo y color.<\/p>\n<h5>Costuras:<\/h5>\n<p>La prenda se confecciona al 100% con hilo de algod\u00f3n. Permite mayor durabilidad al paso del tiempo.<\/p>\n<\/div>\n<h5 style=\"text-align: left;\">Empaque:<\/h5>\n<p style=\"text-align: left;\">Incluye un pr\u00e1ctico morralito, para que puedas llevar tu playera a cualquier lugar.<\/p>\n<div style=\"text-align: left;\"><\/div>\n<h5 style=\"text-align: left;\">Forma de lavado:<\/h5>\n<div>Podr\u00e1s lavarla diariamente y no perder\u00e1 su color o forma.<\/div>\n<div style=\"text-align: left;\">No usar m\u00e1quina secadora de gas.<\/div>\n<div><\/div>\n<h5><\/h5>\n<h5 style=\"text-align: left;\">Consejos:<\/h5>\n<p><span style=\"color: #201430;\"><strong>Para que tu nueva <a style=\"color: #201430;\" href=\"https:\/\/shop.modaclaus.com\/en\/playeras-para-maestras\/\">playera para maestra<\/a> pueda tener una mayor tiempo de vida, te sugerimos ponerla a secar al aire libre y voltear la playera, de esta manera, la luz del sol no impactara directo al estampado, permitiendo que se mantenga la intensidad del color.<\/strong><\/span><\/p>","protected":false},"excerpt":{"rendered":"<div style=\"text-align: left;\">\n<h5><span style=\"color: #ff0000;\">OUTLET<\/span><br \/>\nCod. PB001<br \/>\nTallas: Chica hasta XXXL<\/h5>\n<div>\n<div><span style=\"color: #ff0000;\">(No incluye morralito)<\/span><br \/>\n\u00bfTecol\u00edn? Bien, te explico\u2026<\/div>\n<div>\n<p><strong>En nuestro bello M\u00e9xico<\/strong>, en la cultura prehisp\u00e1nica, al \u201cb\u00faho\u201d, le dec\u00edan\u00a0<b>Tecolotl<\/b>.<\/p>\n<p>Ellos lo relacionaban con los dioses del inframundo sin inframundo.\u00a0 As\u00ed que, por ese motivo, es que lleva este nombre.<\/p>\n<p>No quisimos ponerle b\u00faho. Como te abras dado cuenta, en Claus nos inspiramos mucho en las <strong>tradiciones de M\u00e9xico.<\/strong><\/p>\n<\/div>\n<div>\n<p>Este bello estampado plasma a varios Tecolotes, ellos representan las asignaturas acad\u00e9micas que todas las ni\u00f1as y ni\u00f1os desarrollan en su etapa preescolar.<\/p>\n<\/div>\n<div><strong>Tecolote Verde: Educaci\u00f3n Socioemocional<\/strong><br \/>\n<strong>Tecolote Naranja: Exploraci\u00f3n y comprensi\u00f3n del mundo natural<\/strong><br \/>\n<strong>Tecolote morado: Lenguaje y comunicaci\u00f3n<\/strong><br \/>\n<strong>Tecolote azul: Artes<\/strong><br \/>\n<strong>Tecolote rosa: Pensamiento Matem\u00e1tico<\/strong><\/div>\n<div>\n<p><strong>Tecolote amarillo: Educaci\u00f3n f\u00edsica.<\/strong><\/p>\n<p>Claro,\u00a0<b>nosotras no somos expertas como t\u00fa<\/b>, pero hacemos todo lo posible para que las prendas que fabricamos para ti, tengan un apoyo visual para tus estudiantes y que tambi\u00e9n sean un distintivo de tu bella profesi\u00f3n.<\/p>\n<\/div>\n<\/div>\n<div>\n<div>\n<div>\n<p>&nbsp;<\/p>\n<\/div>\n<\/div>\n<\/div>\n<p>Las <a href=\"https:\/\/shop.modaclaus.com\/en\/playeras-para-maestras\/\">playeras para docentes<\/a> que fabricamos para ti, siempre har\u00e1n juego con tu estilo de trabajo.<\/p>\n<\/div>\n<div>\n<h5 style=\"text-align: left;\"><span style=\"color: #ff0000;\">IMPORTANTE:<\/span><br \/>\n<span style=\"color: #ff0000;\">Por favor, mira la GU\u00cdA DE TALLAS.<\/span><br \/>\n<span style=\"color: #ff0000;\">As\u00ed podr\u00e1s asegurar que la prenda te quede justo a la medida.<\/span><\/h5>\n<div>\n<p style=\"text-align: left;\"><strong>Altura de la modelo: 1.65 m<br \/>\nTalla: Mediana<br \/>\nCintura: 7<\/strong><\/p>\n<p style=\"text-align: left;\"><strong><br \/>\nEsta prenda la puedes adquirir:<\/strong><br \/>\n<strong>-Pagando a meses sin intereses (desde 6 hasta 12)<\/strong><br \/>\n<strong>-Pagando en 5 quincenas con tu cr\u00e9dito Aplazo.<\/strong><\/p>\n<\/div>\n<\/div>","protected":false},"featured_media":16084,"comment_status":"open","ping_status":"closed","template":"","meta":{"_joinchat":[]},"product_brand":[],"product_cat":[131],"product_tag":[],"class_list":{"0":"post-18247","1":"product","2":"type-product","3":"status-publish","4":"has-post-thumbnail","6":"product_cat-outlet","8":"first","9":"instock","10":"sale","11":"taxable","12":"shipping-taxable","13":"purchasable","14":"product-type-variable","15":"has-default-attributes"},"_links":{"self":[{"href":"https:\/\/shop.modaclaus.com\/en\/wp-json\/wp\/v2\/product\/18247","targetHints":{"allow":["GET"]}}],"collection":[{"href":"https:\/\/shop.modaclaus.com\/en\/wp-json\/wp\/v2\/product"}],"about":[{"href":"https:\/\/shop.modaclaus.com\/en\/wp-json\/wp\/v2\/types\/product"}],"replies":[{"embeddable":true,"href":"https:\/\/shop.modaclaus.com\/en\/wp-json\/wp\/v2\/comments?post=18247"}],"version-history":[{"count":0,"href":"https:\/\/shop.modaclaus.com\/en\/wp-json\/wp\/v2\/product\/18247\/revisions"}],"wp:featuredmedia":[{"embeddable":true,"href":"https:\/\/shop.modaclaus.com\/en\/wp-json\/wp\/v2\/media\/16084"}],"wp:attachment":[{"href":"https:\/\/shop.modaclaus.com\/en\/wp-json\/wp\/v2\/media?parent=18247"}],"wp:term":[{"taxonomy":"product_brand","embeddable":true,"href":"https:\/\/shop.modaclaus.com\/en\/wp-json\/wp\/v2\/product_brand?post=18247"},{"taxonomy":"product_cat","embeddable":true,"href":"https:\/\/shop.modaclaus.com\/en\/wp-json\/wp\/v2\/product_cat?post=18247"},{"taxonomy":"product_tag","embeddable":true,"href":"https:\/\/shop.modaclaus.com\/en\/wp-json\/wp\/v2\/product_tag?post=18247"}],"curies":[{"name":"wp","href":"https:\/\/api.w.org\/{rel}","templated":true}]}}

<h4 style="text-align: left;">Tallas: Chica hasta XXXL</h4>
<div style="text-align: left;">
<h4>Composición Tela:</h4>
<ul>
<li>Microfibra de tejido abierto, tela que transpira.</li>
<li>Permite la circulación de aire hacia tu piel, tu cuerpo siempre se mantendrá fresco.</li>
<li> 70% Hilo viscoso suave 30% algodón</li>
</ul>
<h5>Estampado:</h5>
<p>Impreso al alto calor. Permite que puedas plancharlo de manera directa y este no perderá su brillo y color.</p>
<h5>Costuras:</h5>
<p>La prenda se confecciona al 100% con hilo de algodón. Permite mayor durabilidad al paso del tiempo.</p>
</div>
<h5 style="text-align: left;">Empaque:</h5>
<p style="text-align: left;">Incluye un práctico morralito, para que puedas llevar tu playera a cualquier lugar.</p>
<div style="text-align: left;"></div>
<h5 style="text-align: left;">Forma de lavado:</h5>
<div>Podrás lavarla diariamente y no perderá su color o forma.</div>
<div style="text-align: left;">No usar máquina secadora de gas.</div>
<div></div>
<h5></h5>
<h5 style="text-align: left;">Consejos:</h5>
<p><span style="color: #201430;"><strong>Para que tu nueva <a style="color: #201430;" href="https://shop.modaclaus.com/en/playeras-para-maestras/">playera para maestra</a> pueda tener una mayor tiempo de vida, te sugerimos ponerla a secar al aire libre y voltear la playera, de esta manera, la luz del sol no impactara directo al estampado, permitiendo que se mantenga la intensidad del color.</strong></span></p>

<div style="text-align: left;">
<h5><span style="color: #ff0000;">OUTLET</span><br />
Cod. PB001<br />
Tallas: Chica hasta XXXL</h5>
<div>
<div><span style="color: #ff0000;">(No incluye morralito)</span><br />
¿Tecolín? Bien, te explico…</div>
<div>
<p><strong>En nuestro bello México</strong>, en la cultura prehispánica, al “búho”, le decían <b>Tecolotl</b>.</p>
<p>Ellos lo relacionaban con los dioses del inframundo sin inframundo.  Así que, por ese motivo, es que lleva este nombre.</p>
<p>No quisimos ponerle búho. Como te abras dado cuenta, en Claus nos inspiramos mucho en las <strong>tradiciones de México.</strong></p>
</div>
<div>
<p>Este bello estampado plasma a varios Tecolotes, ellos representan las asignaturas académicas que todas las niñas y niños desarrollan en su etapa preescolar.</p>
</div>
<div><strong>Tecolote Verde: Educación Socioemocional</strong><br />
<strong>Tecolote Naranja: Exploración y comprensión del mundo natural</strong><br />
<strong>Tecolote morado: Lenguaje y comunicación</strong><br />
<strong>Tecolote azul: Artes</strong><br />
<strong>Tecolote rosa: Pensamiento Matemático</strong></div>
<div>
<p><strong>Tecolote amarillo: Educación física.</strong></p>
<p>Claro, <b>nosotras no somos expertas como tú</b>, pero hacemos todo lo posible para que las prendas que fabricamos para ti, tengan un apoyo visual para tus estudiantes y que también sean un distintivo de tu bella profesión.</p>
</div>
</div>
<div>
<div>
<div>
<p>&nbsp;</p>
</div>
</div>
</div>
<p>Las <a href="https://shop.modaclaus.com/en/playeras-para-maestras/">playeras para docentes</a> que fabricamos para ti, siempre harán juego con tu estilo de trabajo.</p>
</div>
<div>
<h5 style="text-align: left;"><span style="color: #ff0000;">IMPORTANTE:</span><br />
<span style="color: #ff0000;">Por favor, mira la GUÍA DE TALLAS.</span><br />
<span style="color: #ff0000;">Así podrás asegurar que la prenda te quede justo a la medida.</span></h5>
<div>
<p style="text-align: left;"><strong>Altura de la modelo: 1.65 m<br />
Talla: Mediana<br />
Cintura: 7</strong></p>
<p style="text-align: left;"><strong><br />
Esta prenda la puedes adquirir:</strong><br />
<strong>-Pagando a meses sin intereses (desde 6 hasta 12)</strong><br />
<strong>-Pagando en 5 quincenas con tu crédito Aplazo.</strong></p>
</div>
</div>
