{"id":13275,"date":"2022-04-14T14:13:25","date_gmt":"2022-04-14T19:13:25","guid":{"rendered":"https:\/\/shop.modaclaus.com\/?post_type=product&#038;p=13275"},"modified":"2026-03-12T12:11:06","modified_gmt":"2026-03-12T18:11:06","slug":"bata-colorin-cl0406","status":"publish","type":"product","link":"https:\/\/shop.modaclaus.com\/en\/bata-colorin-cl0406\/","title":{"rendered":"Bata Colorin CL0406"},"content":{"rendered":"<ul>\n<li style=\"text-align: left;\">Talla: Unitalla.<\/li>\n<li style=\"text-align: left;\">Tirante: 2 tirantes que llevan integrados 2 botones para que puedas ajustar la altura de tu bata.<\/li>\n<li style=\"text-align: left;\">Colores : Verde lim\u00f3n y morado.<\/li>\n<li style=\"text-align: left;\">Incluye: Empaque individual | Morralito.<\/li>\n<li style=\"text-align: left;\">Cintas: 4 Jaretas (Cintas) Que permiten que la prenda se ajuste perfecto a tu cintura.<\/li>\n<li style=\"text-align: left;\">Bolsas:<br \/>\n1 Bolsa exterior mediana (T. Carta).<br \/>\n1 Bolsa interior para celular con tapa.<br \/>\n1 Bolsa interior con tapa, para llaves o monedas.<\/li>\n<\/ul>\n<div>\n<p><strong>Nota:\u00a0<\/strong><\/p>\n<ul style=\"text-align: left;\">\n<li><strong>Todos los modelos que fabricamos, est\u00e1n dise\u00f1ados con un largo de cuerpo, que permite a la prenda llegar a 5 cm antes del inicio de la rodilla.<\/strong><\/li>\n<li><strong>Se ajust\u00f3 a una altura promedio de mujeres mexicanas, que es entre 1.50 y 1.65 m de altura.<\/strong><\/li>\n<\/ul>\n<p style=\"text-align: left;\"><strong><em>(Si t\u00fa tienes la dicha de medir m\u00e1s de 1.65 m y deseas que la prenda llegue 5 cm antes de tu rodilla, es necesario nos contactes para fabricarte la prenda a con una medida m\u00e1s larga).<\/em><\/strong><\/p>\n<\/div>","protected":false},"excerpt":{"rendered":"<h4 style=\"text-align: left;\">Cod.CL0406<br \/>\nUNITALLA<\/h4>\n<div style=\"text-align: left;\"><\/div>\n<div style=\"text-align: left;\"><strong>Nuestro primer modelo fabricado en Claus.<\/strong><br \/>\nAqu\u00ed inicia el sue\u00f1o y la aventura de poder ser la empresa que fabrique las mejores prendas para todas las Maestras y Educadoras de M\u00e9xico.Esta <b>bata para maestra<\/b> tiene un dise\u00f1o amplio y lleno de colores.Uno de los primeros pasos de toda la ni\u00f1ez, es el uso de los colores que usan para llenar de color todo lo que se les ponga al frente. Paredes, piso, ropa, papeles o lo que pueda ayudar a plasmar su creatividad.<\/div>\n<div style=\"text-align: left;\">\n<p>Sin duda el gran estampado de colores ser\u00e1 el preferido de muchas de tus alumnas y alumnos. Seguramente te dir\u00e1n <b>\u00a1Miss est\u00e9 es el color azul!<\/b><\/p>\n<p>Una <b>bata para maestra<\/b> que te dar\u00e1 frescura, identidad, y sin duda ser\u00e1s el centro de atenci\u00f3n de muchos ni\u00f1os y ni\u00f1as.<\/p>\n<\/div>\n<div style=\"text-align: left;\"><\/div>\n<div>\n<p style=\"text-align: left;\"><strong>Altura de la modelo: 1.70 m<\/strong><\/p>\n<p style=\"text-align: left;\"><strong>Esta prenda la puedes adquirir:<\/strong><br \/>\n<strong>-Pagando a meses sin intereses (desde 6 hasta 12)<\/strong><br \/>\n<strong>-Pagando en 5 quincenas con tu cr\u00e9dito ZIP.<\/strong><\/p>\n<\/div>","protected":false},"featured_media":24341,"comment_status":"open","ping_status":"closed","template":"","meta":{"_joinchat":{"telephone":"+522225853565","message_text":"\u00a1Hola! \ud83d\ude03Este es uno de nuestros primeros modelos en Claus y estamos seguras de que se le ver\u00eda \u00a1Genial!","message_send":"\u00a1Hola! Estoy en su web y me interesa este modelo: {PRODUCT}"}},"product_brand":[],"product_cat":[125,109,127,111,112],"product_tag":[],"class_list":{"0":"post-13275","1":"product","2":"type-product","3":"status-publish","4":"has-post-thumbnail","6":"product_cat-estampada","7":"product_cat-bata","8":"product_cat-color-combinado","9":"product_cat-educadora","10":"product_cat-maestra","12":"first","13":"instock","14":"taxable","15":"shipping-taxable","16":"purchasable","17":"product-type-simple"},"_links":{"self":[{"href":"https:\/\/shop.modaclaus.com\/en\/wp-json\/wp\/v2\/product\/13275","targetHints":{"allow":["GET"]}}],"collection":[{"href":"https:\/\/shop.modaclaus.com\/en\/wp-json\/wp\/v2\/product"}],"about":[{"href":"https:\/\/shop.modaclaus.com\/en\/wp-json\/wp\/v2\/types\/product"}],"replies":[{"embeddable":true,"href":"https:\/\/shop.modaclaus.com\/en\/wp-json\/wp\/v2\/comments?post=13275"}],"version-history":[{"count":0,"href":"https:\/\/shop.modaclaus.com\/en\/wp-json\/wp\/v2\/product\/13275\/revisions"}],"wp:featuredmedia":[{"embeddable":true,"href":"https:\/\/shop.modaclaus.com\/en\/wp-json\/wp\/v2\/media\/24341"}],"wp:attachment":[{"href":"https:\/\/shop.modaclaus.com\/en\/wp-json\/wp\/v2\/media?parent=13275"}],"wp:term":[{"taxonomy":"product_brand","embeddable":true,"href":"https:\/\/shop.modaclaus.com\/en\/wp-json\/wp\/v2\/product_brand?post=13275"},{"taxonomy":"product_cat","embeddable":true,"href":"https:\/\/shop.modaclaus.com\/en\/wp-json\/wp\/v2\/product_cat?post=13275"},{"taxonomy":"product_tag","embeddable":true,"href":"https:\/\/shop.modaclaus.com\/en\/wp-json\/wp\/v2\/product_tag?post=13275"}],"curies":[{"name":"wp","href":"https:\/\/api.w.org\/{rel}","templated":true}]}}

<ul>
<li style="text-align: left;">Talla: Unitalla.</li>
<li style="text-align: left;">Tirante: 2 tirantes que llevan integrados 2 botones para que puedas ajustar la altura de tu bata.</li>
<li style="text-align: left;">Colores : Verde limón y morado.</li>
<li style="text-align: left;">Incluye: Empaque individual | Morralito.</li>
<li style="text-align: left;">Cintas: 4 Jaretas (Cintas) Que permiten que la prenda se ajuste perfecto a tu cintura.</li>
<li style="text-align: left;">Bolsas:<br />
1 Bolsa exterior mediana (T. Carta).<br />
1 Bolsa interior para celular con tapa.<br />
1 Bolsa interior con tapa, para llaves o monedas.</li>
</ul>
<div>
<p><strong>Nota: </strong></p>
<ul style="text-align: left;">
<li><strong>Todos los modelos que fabricamos, están diseñados con un largo de cuerpo, que permite a la prenda llegar a 5 cm antes del inicio de la rodilla.</strong></li>
<li><strong>Se ajustó a una altura promedio de mujeres mexicanas, que es entre 1.50 y 1.65 m de altura.</strong></li>
</ul>
<p style="text-align: left;"><strong><em>(Si tú tienes la dicha de medir más de 1.65 m y deseas que la prenda llegue 5 cm antes de tu rodilla, es necesario nos contactes para fabricarte la prenda a con una medida más larga).</em></strong></p>
</div>

<h4 style="text-align: left;">Cod.CL0406<br />
UNITALLA</h4>
<div style="text-align: left;"></div>
<div style="text-align: left;"><strong>Nuestro primer modelo fabricado en Claus.</strong><br />
Aquí inicia el sueño y la aventura de poder ser la empresa que fabrique las mejores prendas para todas las Maestras y Educadoras de México.Esta <b>bata para maestra</b> tiene un diseño amplio y lleno de colores.Uno de los primeros pasos de toda la niñez, es el uso de los colores que usan para llenar de color todo lo que se les ponga al frente. Paredes, piso, ropa, papeles o lo que pueda ayudar a plasmar su creatividad.</div>
<div style="text-align: left;">
<p>Sin duda el gran estampado de colores será el preferido de muchas de tus alumnas y alumnos. Seguramente te dirán <b>¡Miss esté es el color azul!</b></p>
<p>Una <b>bata para maestra</b> que te dará frescura, identidad, y sin duda serás el centro de atención de muchos niños y niñas.</p>
</div>
<div style="text-align: left;"></div>
<div>
<p style="text-align: left;"><strong>Altura de la modelo: 1.70 m</strong></p>
<p style="text-align: left;"><strong>Esta prenda la puedes adquirir:</strong><br />
<strong>-Pagando a meses sin intereses (desde 6 hasta 12)</strong><br />
<strong>-Pagando en 5 quincenas con tu crédito ZIP.</strong></p>
</div>

¡Hola! 😃Este es uno de nuestros primeros modelos en Claus y estamos seguras de que se le vería ¡Genial!
